 c(u) = -u**2 - 9*u + 5. Let m be c(-9). Calculate the greatest common divisor of m and q.
5
Suppose -1 = k - 2*k. Let y(p) = -p**2 + k - 8 + 7*p**2 - 9*p + p**3. Let c be y(-7). Calculate the greatest common factor of 7 and c.
7
Let v be 2 + (1*20 - 2). Let c = v + -7. What is the greatest common factor of c and 117?
13
Let i be 6/(-2) + 27 + -2. Calculate the greatest common divisor of 88 and i.
22
Suppose -2*r + 2 + 2 = 0. Suppose -4*n + 5 = -c - r, -4*n - 4*c + 12 = 0. Let u be 0 - 1*(-2)/n. What is the greatest common factor of u and 2?
1
Let y = -12 - -28. Let b be 7/(-2) + (-2)/4. Let k be 2/(-1) - 40/b. Calculate the highest common divisor of y and k.
8
Let v be 2*1 - (-6 - -4). Let m be 30/(-8)*(-18 + -6). Suppose n - m = -v*n. What is the greatest common divisor of 2 and n?
2
Let o = 0 - -30. Calculate the greatest common factor of 12 and o.
6
Suppose o - 4 = -z - 3, 2*o - 5*z = 9. Let r be 1/(15/(-6) + o). Let n be (-2 + 1)*r*33. What is the highest common divisor of 11 and n?
11
Let n be -1 + 52/(1 - -1). Suppose -2*u + 30 = u. Calculate the greatest common divisor of n and u.
5
Let x = 2 - -9. Let q(h) = 2*h**2 + 8*h - 2. Let r be q(-6). What is the greatest common divisor of x and r?
11
Let o be -1*(-4 - (2 - 3)). Let r(a) = -a**3 + 10*a**2 - 6*a + 4. Let x be r(9). Let y = 64 - x. What is the highest common divisor of y and o?
3
Let f be (-3)/3 + (0 - -11). Let t be (1 - 3)*12/(-8). Suppose -t*c + 44 = -1. What is the greatest common factor of f and c?
5
Let k = 31 - 16. Calculate the highest common factor of k and 45.
15
Suppose -5*b + 3*d - 32 - 8 = 0, 2*b = -d - 16. Let c be (-178)/b + (-1)/4. Suppose -4*l + 38 + c = 0. Calculate the highest common divisor of 120 and l.
15
Suppose 16 + 8 = g. Suppose 9*n - 6*n = 225. Suppose -n = -5*b + 5*m, -5*b = -2*m - 0*m - 78. What is the highest common factor of b and g?
8
Suppose 602 - 82 = 5*a. Let r = 2 + 22. Let f = 37 - r. Calculate the highest common factor of a and f.
13
Suppose 3*m = b - 354, 5*m - 1006 = b - 4*b. Calculate the highest common factor of b and 38.
38
Suppose -90 = -i - 3*k, -5*k - 175 - 185 = -4*i. Let x be (36/(-14))/((-3)/42). What is the highest common factor of i and x?
18
Suppose -t = g + 7, 2*t - 25 = 7*t - 5*g. Let u = -5 - t. What is the highest common factor of u and 4?
1
Suppose 5*o - 25 = -0*o. Suppose -4*s = 16 - 60. Let q be s - ((1 - 1) + 1). Calculate the greatest common divisor of o and q.
5
Let g be (-26)/1*1/(-2). Let w be 3/6 - 233/(-2). What is the highest common factor of g and w?
13
Suppose 250 = 5*j - 300. What is the highest common divisor of j and 66?
22
Let q be (-2 - -1)/(-2)*4. Suppose 0 = -w + 6 - q. Suppose -k = -5*s + 28, 5*k - w = 2*s - 29. What is the highest common divisor of s and 2?
1
Let p = 41 - 25. Calculate the greatest common factor of p and 40.
8
Suppose -6*r = -19 + 1. Calculate the highest common divisor of r and 12.
3
Let q = 810 + -546. Let o be (-747)/(-12) - (-1)/(-4). Let y = o - 38. Calculate the highest common factor of y and q.
24
Let i(c) = c**2 - c - 2. Let w(v) = -2*v - 10. Let j be (1/(-3))/((-2)/(-42)). Let p be w(j). Let q be i(p). What is the highest common divisor of q and 4?
2
Let w be (-3)/12 + (-1898)/(-8). Suppose -w = 5*j - 2*j. Let i be (-1)/1*(j + 4). What is the highest common divisor of i and 15?
15
Let p = -17 - -87. Suppose 3*q = 136 - 52. What is the highest common factor of p and q?
14
Let p = -3 - -3. Suppose p = 4*k + 17 - 65. Let x be ((-9)/k)/(1/(-168)). Calculate the greatest common factor of x and 14.
14
Let q be (-2 - -2)/(4/4). Suppose 416 = -q*o + 4*o. Calculate the greatest common factor of o and 13.
13
Let x = 103 + -61. Suppose h - 2 = 2, -2*q - 16 = -5*h. Suppose -4*w - 4*m = -9*w + 34, w + 4*m - q = 0. What is the greatest common factor of w and x?
6
Suppose 5*l = -3*m + 124, 2*l - 1 - 3 = 0. Calculate the highest common divisor of 57 and m.
19
Let n be 3*-1 + 77/7. Let g(j) = j**2 + 2. Let y be g(-2). Suppose -2*m - 64 = -y*m. What is the highest common divisor of n and m?
8
Suppose 3*j + 144 = -5*o, 3*j - 5*o + 103 + 41 = 0. Let q be (j/(-15))/(2/10). Calculate the greatest common factor of q and 40.
8
Let u = 6 + -2. Calculate the highest common divisor of u and 4.
4
Let n be (3 - -56) + -2 + -1. Let t(c) = -8*c + 3. Let h(p) = -1. Let f(m) = -2*h(m) - t(m). Let j be f(1). What is the greatest common divisor of n and j?
7
Let q = -10 + 21. Let y(k) = -k**3 + 12*k**2 - 4*k + 1. Let c be y(q). What is the highest common factor of c and 13?
13
Let j = -10 - -28. Let a = 403 + -277. Calculate the greatest common factor of a and j.
18
Let h = -1 + 12. Calculate the greatest common factor of 99 and h.
11
Suppose 2*z - 19 = -1. Let b = z + 10. What is the greatest common divisor of 19 and b?
19
Let a(u) = 2*u**2 - 4*u - 4. Let j(l) = -6*l - 1. Let z be j(-1). Let b be a(z). What is the greatest common factor of 39 and b?
13
Suppose 5*f - 6 = -16, 1238 = 5*j + f. What is the highest common divisor of j and 31?
31
Let w(n) = -2*n**2 + 3*n**3 - 5 + 5 - 3. Let m be w(3). Calculate the greatest common divisor of 30 and m.
30
Suppose -x = -12 - 24. Let n = 100 - x. What is the highest common divisor of n and 16?
16
Suppose 2*k = -4*n + k + 45, 0 = 3*n + k - 33. Let g = -52 + 100. Calculate the highest common divisor of n and g.
12
Suppose -24*h + 29*h - 140 = 0. What is the highest common divisor of h and 35?
7
Let j(u) = -u**2 + 14*u + 12. Let c be ((-44)/8)/((-1)/2). Let r be j(c). What is the greatest common divisor of r and 15?
15
Let r be (-2)/8 - (-1012)/16. Calculate the highest common factor of 21 and r.
21
Let g = 97 - 12. Suppose -3*l + g = 2*l. Calculate the highest common divisor of 85 and l.
17
Let j(t) = -51*t - 4. Let q be j(-2). Suppose -5*f - 2*u = -q, 0 = 2*u - 10 + 2. What is the greatest common divisor of f and 6?
6
Let r be (1 + 0)*(10 + -9). Calculate the highest common divisor of 5 and r.
1
Let b(z) = 3*z + 10. Let i be b(10). What is the highest common factor of 16 and i?
8
Let l = -14 + 20. Let r(z) = -z**2 + 9*z - 6. Let o be r(l). What is the greatest common divisor of o and 30?
6
Suppose 0 = -5*q - 13 - 12. Let b(z) = -6*z - 2. Let t be b(q). Suppose -t = -3*n + 53. Calculate the greatest common factor of n and 9.
9
Suppose 4*s = s + 3*h + 195, 0 = 5*s - 2*h - 319. Calculate the greatest common factor of 9 and s.
9
Let u(m) = m**2 - 3*m + 5. Let i be u(5). What is the greatest common factor of 120 and i?
15
Let o be (2 - -3) + 2*2. Calculate the greatest common factor of o and 81.
9
Let l(i) = -8*i - 4. Let g be (1/2)/(3/(-36)). Let q be l(g). What is the highest common divisor of q and 66?
22
Suppose 5*z = 6*z - 100. Let k(t) be the second derivative of -2*t**3/3 - 2*t**2 + t. Let l be k(-6). What is the highest common factor of l and z?
20
Suppose -r + 0*w - 2*w = -66, -w = -r + 63. Suppose m + 42 = 4*m. Suppose -m = -2*x + 18. What is the greatest common divisor of r and x?
16
Suppose 104 = 3*a - 202. Calculate the highest common factor of 17 and a.
17
Let a(k) = -k**2 - 12*k + 10. Let m be a(-7). Calculate the highest common divisor of m and 5.
5
Let x = -5 - -7. Suppose y + 20 = 5*c, 3*c + 4 - 9 = 2*y. What is the highest common divisor of y and x?
1
Suppose -9 = -2*z + 3*z + 3*v, 2*v + 6 = -2*z. Suppose 60 = 4*s + 2*l, 3*s - 4*l - 4 - 19 = z. What is the highest common divisor of s and 143?
13
Let v(u) = -u**2 + 7*u - 10. Let i be v(5). Suppose 3*m + 6*j - j = 422, i = 3*m - j - 434. Let p = 12 - -4. Calculate the greatest common factor of m and p.
16
Let m(n) = 2*n + 56. Let v be m(0). Calculate the greatest common divisor of 7 and v.
7
Let k(r) = r**2 - 4*r + 6. Let v be k(4). Let q be (-236)/(-6) + v/9. Let t be 12 + -4 + 4 + -2. What is the highest common factor of q and t?
10
Suppose 5*g - 5 = 0, 3 = 3*d - d - 5*g. Calculate the greatest common factor of d and 4.
4
Let v = 14 - 10. Suppose -v*m - 17 = -5*m. What is the greatest common divisor of 119 and m?
17
Let m(k) be the third derivative of k**4/12 + k**3 - k**2. Let s be m(-4). Let t(x) = -41*x - 2. Let i be t(s). What is the highest common divisor of 16 and i?
16
Suppose -50*x = -46*x - 500. What is the greatest common factor of 75 and x?
25
Let d = 423 - 300. Suppose -5*x + d = 3*y, -3*x 